*f. List the prime factors of f.
3, 337
Let j = -41 + 59. Suppose 35*s - 32*s = j. List the prime factors of s.
2, 3
Let s = 1 - 3. Let j be s/(-6) + (-249)/(-9). Suppose -2*i = -16 - j. List the prime factors of i.
2, 11
Let j = -168 + 272. List the prime factors of j.
2, 13
Let n(u) be the first derivative of 2*u**3/3 - 4*u**2 + 5*u - 3. What are the prime factors of n(7)?
47
Let g(h) = 8*h + 306. What are the prime factors of g(20)?
2, 233
Suppose 2*p = 4*s + 304 + 2462, 2*p + 3*s - 2773 = 0. What are the prime factors of p?
5, 277
Let j = -548 + 1058. What are the prime factors of j?
2, 3, 5, 17
What are the prime factors of 11 + 11*(7 - -112)?
2, 3, 5, 11
Suppose 6*g = 4*g + 4*s + 360, -2*g = s - 375. List the prime factors of -2 + (g - (-5)/(-5)).
3, 61
List the prime factors of 2*-1 + 855 + 7 + -5.
3, 5, 19
Suppose 4*n - 473 = 495. Suppose n + 258 = 10*f. What are the prime factors of f?
2, 5
Let f = -63 + 137. What are the prime factors of f?
2, 37
Let f(t) = -90*t**3 - 2*t**2 + 3*t + 4. List the prime factors of f(-2).
2, 5, 71
Let c(q) = q**2 + 14*q - 14. Let a be ((-144)/(-30))/((-6)/20). What are the prime factors of c(a)?
2, 3
Suppose 2*n - z + 83 - 1531 = 0, -5*z + 2882 = 4*n. What are the prime factors of n?
3, 241
Let h(q) = 3*q**2. Let b be 4/2*8/16. Let j be h(b). What are the prime factors of 20 - (j + -3)/3?
2, 5
Let j(a) = -43*a + 19. Let l(o) = 22*o - 10. Let r(k) = 6*j(k) + 11*l(k). What are the prime factors of r(-4)?
2, 17
Let j = -18 - -8. What are the prime factors of (-510)/j - (-2)/1?
53
Let a be (9 - -3) + 5 + -2. Suppose a = 5*w + 4*p - 291, -w + 59 = 3*p. What are the prime factors of w?
2, 31
Let t(v) = v**3 - 2*v**2 + 32*v - 13. List the prime factors of t(12).
1811
Let b = 14 - 120. Let z = -52 - b. Suppose -26 = -2*u + z. What are the prime factors of u?
2, 5
Let v be -119 - (4 - 5/1). Let f = v + 248. List the prime factors of f.
2, 5, 13
Let m = 411 - 229. Suppose 108 = 2*p + 3*w, 10 = 3*p - 3*w - m. Let o = p - 26. What are the prime factors of o?
2, 17
Let j = -3 - -3. List the prime factors of (j - 0) + (102 - 0).
2, 3, 17
Let n be (-9)/(-3) + 785 - (0 - 2). Suppose n = 9*m - 1118. List the prime factors of m.
2, 53
Let d = 723 + -315. What are the prime factors of d?
2, 3, 17
Let j(t) = 57*t. Let b be j(4). Let p be (-6)/(-8)*b/(-3). List the prime factors of p/(-4) - 5/20.
2, 7
Suppose 0 = -2*t + 458 + 712. List the prime factors of t.
3, 5, 13
Suppose 9*l + 405 = 4*l. Let a = 114 - l. List the prime factors of a.
3, 5, 13
Let h(u) = u**3 - 10*u + 4. Suppose -6*z + 13 = -29. Let m(v) = 2*v**3 + v**2 - 21*v + 7. Let q(g) = z*h(g) - 3*m(g). List the prime factors of q(6).
73
Let v = 96 + -92. Suppose -2*o = v*o - 276. What are the prime factors of o?
2, 23
Let a(b) = b**2 + 22*b + 3. Let u be a(12). Suppose 12*q = 729 + u. List the prime factors of q.
5, 19
Suppose -2*i + 2*d + 538 = 0, 515 = -4*i + 3*d + 1594. What are the prime factors of i?
2, 17
Suppose 2*p + 25 = -7. Let o = p - -13. What are the prime factors of (13 + -20)/(1/o)?
3, 7
Let z = -87 + 284. What are the prime factors of z?
197
Suppose -14552 - 10642 = -26*d. What are the prime factors of d?
3, 17, 19
Let n = 624 + -427. List the prime factors of n.
197
Suppose 0 = 7*t - 12*t + 265. Let g = -48 + t. List the prime factors of g.
5
Let s(u) = u**3 - 8*u**2 + 6*u + 9. Let x be s(7). Let d be x/(4*1/(-6)). Let y(p) = -13*p + 1. What are the prime factors of y(d)?
2, 5
Let v be ((-98)/(-8))/(12/48). Let g = v + -9. What are the prime factors of g?
2, 5
What are the prime factors of (-4)/(-6) - ((-11891)/33 - 0)?
19
Suppose -2*g + 10 = -0*g. Suppose -g*j - 2*s + 9 = 0, -1 = -2*j + 4*s - 7. List the prime factors of (7/(-21))/(j/(-21)).
7
Let c(s) = 2*s**2 + s - 158. List the prime factors of c(36).
2, 5, 13, 19
Let t(v) = v**2 + v. Let q(g) = 3*g**2 - g + 3. Let j(p) = q(p) + 3*t(p). List the prime factors of j(-4).
7, 13
Suppose -62 + 3205 = -7*x. Let z = -299 - x. List the prime factors of z.
2, 3, 5
List the prime factors of (5758/6)/(4/(-156)*-13).
2879
Let j(p) = 166*p + 1. Let d be j(-1). Let a = -25 - d. Suppose 5*w + u - a = 0, -2*w = -4*u - 15 - 41. List the prime factors of w.
2, 7
Suppose 4*x + 2 = 6*x. List the prime factors of 207 - (-3 + x - 1).
2, 3, 5, 7
Let p = 347 - -86. List the prime factors of p.
433
Suppose 0 = -2*m - 3*t + 5, -m + 3*t = 5*t - 2. Let d be (9/9)/((-1)/(-3)). Suppose d*c - 2*g = 53 + 9, m*c - 92 = 5*g. List the prime factors of c.
2, 3
List the prime factors of (((-225)/6)/(-5))/(45/18840).
2, 5, 157
Let q(l) = -15*l + 19. Let u(j) = -j - 18. Let x be u(-10). List the prime factors of q(x).
139
Suppose 6023 = x - 3*z, 3*x + z - 18129 = -2*z. What are the prime factors of x?
2, 3019
Let p(i) be the first derivative of -i**3/3 + 2*i**2 - 2. Let k be p(3). Suppose -7*o = -k*o - 28. List the prime factors of o.
7
Let l = -8 - -12. Let f be (-7)/(-14) + 14/l. List the prime factors of (-78)/(-3)*2/f.
13
Suppose 21*p = -26*p + 30832. What are the prime factors of p?
2, 41
Let c(h) = -36*h + 29. What are the prime factors of c(-2)?
101
Let s(y) = 6*y**2 + 2. Let l = 79 + -74. List the prime factors of s(l).
2, 19
Let z = 4 - 2. Let i(v) = 2 - 3*v**2 - 7*v**2 + v + 17*v**2 - 3*v**2. List the prime factors of i(z).
2, 5
Let v(y) = -95*y**3 + 4*y**2 + 7*y + 9. List the prime factors of v(-2).
3, 257
Let p(v) = 6*v**2 + 10*v - 1. Let g be p(-8). Suppose -5*j = -2*j - g. List the prime factors of j.
101
Let o(l) be the second derivative of l**4/12 - 2*l**2 - 12*l. List the prime factors of o(-8).
2, 3, 5
Suppose -8*o - 6*o + 168 = 0. Suppose -k = o*k - 1781. List the prime factors of k.
137
Let v = 24 + 8. Let z be (84/9)/((-6)/(-9)). Let p = v + z. What are the prime factors of p?
2, 23
Suppose 2*b - 20 - 33 = n, -3*n - 47 = -2*b. List the prime factors of b.
2, 7
Suppose -1 - 7 = -m. Let x(n) = n**3 - 7*n**2 - 8*n + 3. Let p be x(m). Suppose p*h - 4*h = 5*v - 23, -h - 3*v = -29. List the prime factors of h.
2, 19
Let n = 696 + -17. List the prime factors of n.
7, 97
Let w be 2 + (4/8 - 246/(-4)). Let p = 14 + w. List the prime factors of p.
2, 3, 13
Let l be (2 + (0 - 0) + 2)*226. Suppose 0 = 4*k - l + 264. What are the prime factors of k?
2, 5
Let i = 1184 - 38. What are the prime factors of i?
2, 3, 191
Suppose 39 = 6*x - 1071. List the prime factors of x.
5, 37
Let b be 8/(-28) - (-3128)/(-28). Let m = -39 - b. List the prime factors of m.
73
Let y = 0 + 9. List the prime factors of (-2 - y/(-6))*-40*1.
2, 5
Let c(j) = -2*j**3 + 6*j**2 + 3. Let h(a) = a**3 - a**2 - 1. Let f(w) = c(w) + 4*h(w). Let q be f(1). List the prime factors of ((-213)/(-9) - 4)*q.
59
Suppose 3167 = 5*y + 2142. What are the prime factors of y?
5, 41
Let m(l) = -25*l - 18. Let i(d) = d - 29. Let x be i(19). List the prime factors of m(x).
2, 29
Let j(t) = 3*t**3 + 7*t**2 - 4*t. Let g be j(-6). Let a = -216 - g. List the prime factors of a.
2, 3, 13
Let g(r) = -r**3 - 11*r**2 + 13*r + 17. Let m be g(-12). Suppose 3*n - 59 = 4*l, -l - 19 = -m*n + 68. Suppose -43 = -5*i + n. List the prime factors of i.
2, 3
Suppose 412 = 9*a - 200. List the prime factors of a.
2, 17
Let c = -41 - -199. Let m = c + -93. What are the prime factors of m?
5, 13
Let i = -1034 - -1996. What are the prime factors of i?
2, 13, 37
Let m(t) = 15*t**2 + 7*t + 4. Let c be m(5). Suppose 20*k - 17*k = c. What are the prime factors of k?
2, 3, 23
Let l = 159 - -65. Suppose -2*z - 5*f + l = -f, -5*z = 3*f - 595. List the prime factors of z.
2, 61
Let j(x) = -10*x + 95. List the prime factors of j(-23).
5, 13
Suppose -w - 3 = 0, -2*f + 667 = w + 64. Let g = f + -148. List the prime factors of g.
5, 31
Suppose 10*l = -14*l + 61560. List the prime factors of l.
3, 5, 19
Let j(t) = -188*t. Let g be j(-1). Let d = g - 112. What are the prime factors of d?
2, 19
Suppose 3*p = 10*p - 3297. What are the prime factors of p?
3, 157
Let n(r) = r**3 - 6*r**2 + 11. Let u(m) = 2*m**3 - 4*m + 2. Let g be u(2). Let b = g - 3. What are the prime factors of n(b)?
2, 3, 5
Suppose 0 = -x - r + 318, 85*x - 82*x + r = 950. List the prime factors of x.
2, 79
Suppose -38 = -3*g - 4*o, o - 17 - 12 = -4*g. Suppose -8*s = -g*s - 118. What are the prime factors of s?
59
Let c(h) = 17*h**2 - 3*h + 